{"id":688,"date":"2020-09-04T10:11:12","date_gmt":"2020-09-04T08:11:12","guid":{"rendered":"http:\/\/elster-pr.de\/?page_id=688"},"modified":"2020-09-04T10:11:12","modified_gmt":"2020-09-04T08:11:12","slug":"impressum-3","status":"publish","type":"page","link":"https:\/\/die-garderobenmarke.de\/?page_id=688","title":{"rendered":"Impressum"},"content":{"rendered":"\n<p><strong>Angaben gem\u00e4\u00df \u00a7 5 TMG<\/strong><br>Das digitale Garderobenmarkenmuseum<br>vertreten durch: Katharina Kleinschmidt<br>Alfred-K\u00e4stner-Stra\u00dfe 65, 04275 Leipzig<br>Telefon: +49 (0) 341 228 74 01<br>E-Mail: info@die-garderobenmarke.de<\/p>\n\n\n\n<p><strong>Verantwortlich f\u00fcr den Inhalt nach \u00a7 55 Abs. 2 RStV:<\/strong><br>Katharina Kleinschmidt, Elstertext<br>Alfred-K\u00e4stner-Stra\u00dfe 65, 04275 Leipzig<\/p>\n\n\n\n<p><a href=\"https:\/\/elstertext.de\" target=\"_blank\" rel=\"noreferrer noopener\">https:\/\/elstertext.de<\/a><br>E-Mail: info@die-garderobenmarke.de<\/p>\n\n\n\n<p><br><strong>Haftung f\u00fcr Inhalte<\/strong><br>Gem\u00e4\u00df \u00a7 7 Abs.1 TMG ist das Garderobenmarkenmuseum f\u00fcr eigene Inhalte auf diesen Seiten verantwortlich. Nach \u00a7\u00a7 8 bis 10 TMG ist es jedoch nicht verpflichtet, \u00fcbermittelte Informationen zu \u00fcberwachen oder zu pr\u00fcfen, ob eine rechtswidrige T\u00e4tigkeit vorliegt. Die Verpflichtung zur Entfernung von Informationen nach den allgemeinen Gesetzen bleibt hiervon unber\u00fchrt. Eine solche Haftung ist aber erst ab dem Zeitpunkt der Kenntnis einer Rechtsverletzung m\u00f6glich. Bei Bekanntwerden von entsprechenden Rechtsverletzungen werden wir die Inhalte sofort entfernen.<\/p>\n\n\n\n<p><strong>Haftung f\u00fcr Links<\/strong><br>Wir haben auf unseren Seiten Links zu anderen Seiten im Internet. F\u00fcr alle diese Links gilt, dass wir keinerlei Einfluss auf die Gestaltung und die Inhalte der verlinkten Seiten haben. Deswegen \u00fcbernehmen wir auch keinerlei Verantwortung f\u00fcr Inhalt und Gestaltung dieser Seiten. Diese Erkl\u00e4rung gilt f\u00fcr alle auf unserer Internetpr\u00e4senz angezeigten Links und f\u00fcr alle Inhalte der Seiten, zu denen die bei uns angemeldeten Banner und Links f\u00fchren.<\/p>\n\n\n\n<p><strong>Urheberrecht<\/strong><br>Alle Texte, alle Fotos, alle Gestaltungselemente dieses Servers sind \u2013 sofern nicht ein anderes Copyright angegeben ist \u2013 f\u00fcr das Garderobenmarkenmuseum urheberrechtlich gesch\u00fctzt. Jede Verwertung au\u00dferhalb der engen Grenzen des Urheberrechtsgesetzes ist ohne Zustimmung des Garderobenmarkenmuseums unzul\u00e4ssig und strafbar.<\/p>\n\n\n\n<p>Soweit die Inhalte auf dieser Seite nicht von dem Garderobenmarkenmuseum erstellt wurden, werden die Urheberrechte Dritter beachtet und als solche gekennzeichnet. Sollten Sie trotzdem auf eine Urheberrechtsverletzung aufmerksam werden, bitten wir um einen entsprechenden Hinweis. Bei Bekanntwerden von Rechtsverletzungen werden wir diese Inhalte umgehend entfernen.<\/p>\n","protected":false},"excerpt":{"rendered":"<p>Angaben gem\u00e4\u00df \u00a7 5 TMGDas digitale Garderobenmarkenmuseumvertreten durch: Katharina KleinschmidtAlfred-K\u00e4stner-Stra\u00dfe 65, 04275 LeipzigTelefon: +49 (0) 341 228 74 01E-Mail: info@die-garderobenmarke.de Verantwortlich f\u00fcr den Inhalt nach \u00a7 55 Abs. 2 RStV:Katharina Kleinschmidt, ElstertextAlfred-K\u00e4stner-Stra\u00dfe 65, 04275 Leipzig https:\/\/elstertext.deE-Mail: info@die-garderobenmarke.de Haftung f\u00fcr InhalteGem\u00e4\u00df \u00a7 7 Abs.1 TMG ist das Garderobenmarkenmuseum f\u00fcr eigene Inhalte auf diesen Seiten verantwortlich. Nach&#8230;<\/p>\n","protected":false},"author":1,"featured_media":0,"parent":0,"menu_order":0,"comment_status":"closed","ping_status":"closed","template":"","meta":{"_kad_post_transparent":"","_kad_post_title":"","_kad_post_layout":"","_kad_post_sidebar_id":"","_kad_post_content_style":"","_kad_post_vertical_padding":"","_kad_post_feature":"","_kad_post_feature_position":"","_kad_post_header":false,"_kad_post_footer":false,"_kad_post_classname":"","footnotes":""},"class_list":["post-688","page","type-page","status-publish","hentry"],"_links":{"self":[{"href":"https:\/\/die-garderobenmarke.de\/index.php?rest_route=\/wp\/v2\/pages\/688","targetHints":{"allow":["GET"]}}],"collection":[{"href":"https:\/\/die-garderobenmarke.de\/index.php?rest_route=\/wp\/v2\/pages"}],"about":[{"href":"https:\/\/die-garderobenmarke.de\/index.php?rest_route=\/wp\/v2\/types\/page"}],"author":[{"embeddable":true,"href":"https:\/\/die-garderobenmarke.de\/index.php?rest_route=\/wp\/v2\/users\/1"}],"replies":[{"embeddable":true,"href":"https:\/\/die-garderobenmarke.de\/index.php?rest_route=%2Fwp%2Fv2%2Fcomments&post=688"}],"version-history":[{"count":0,"href":"https:\/\/die-garderobenmarke.de\/index.php?rest_route=\/wp\/v2\/pages\/688\/revisions"}],"wp:attachment":[{"href":"https:\/\/die-garderobenmarke.de\/index.php?rest_route=%2Fwp%2Fv2%2Fmedia&parent=688"}],"curies":[{"name":"wp","href":"https:\/\/api.w.org\/{rel}","templated":true}]}}

<p><strong>Angaben gemäß § 5 TMG</strong><br>Das digitale Garderobenmarkenmuseum<br>vertreten durch: Katharina Kleinschmidt<br>Alfred-Kästner-Straße 65, 04275 Leipzig<br>Telefon: +49 (0) 341 228 74 01<br>E-Mail: info@die-garderobenmarke.de</p>



<p><strong>Verantwortlich für den Inhalt nach § 55 Abs. 2 RStV:</strong><br>Katharina Kleinschmidt, Elstertext<br>Alfred-Kästner-Straße 65, 04275 Leipzig</p>



<p><a href="https://elstertext.de" target="_blank" rel="noreferrer noopener">https://elstertext.de</a><br>E-Mail: info@die-garderobenmarke.de</p>



<p><br><strong>Haftung für Inhalte</strong><br>Gemäß § 7 Abs.1 TMG ist das Garderobenmarkenmuseum für eigene Inhalte auf diesen Seiten verantwortlich. Nach §§ 8 bis 10 TMG ist es jedoch nicht verpflichtet, übermittelte Informationen zu überwachen oder zu prüfen, ob eine rechtswidrige Tätigkeit vorliegt. Die Verpflichtung zur Entfernung von Informationen nach den allgemeinen Gesetzen bleibt hiervon unberührt. Eine solche Haftung ist aber erst ab dem Zeitpunkt der Kenntnis einer Rechtsverletzung möglich. Bei Bekanntwerden von entsprechenden Rechtsverletzungen werden wir die Inhalte sofort entfernen.</p>



<p><strong>Haftung für Links</strong><br>Wir haben auf unseren Seiten Links zu anderen Seiten im Internet. Für alle diese Links gilt, dass wir keinerlei Einfluss auf die Gestaltung und die Inhalte der verlinkten Seiten haben. Deswegen übernehmen wir auch keinerlei Verantwortung für Inhalt und Gestaltung dieser Seiten. Diese Erklärung gilt für alle auf unserer Internetpräsenz angezeigten Links und für alle Inhalte der Seiten, zu denen die bei uns angemeldeten Banner und Links führen.</p>



<p><strong>Urheberrecht</strong><br>Alle Texte, alle Fotos, alle Gestaltungselemente dieses Servers sind – sofern nicht ein anderes Copyright angegeben ist – für das Garderobenmarkenmuseum urheberrechtlich geschützt. Jede Verwertung außerhalb der engen Grenzen des Urheberrechtsgesetzes ist ohne Zustimmung des Garderobenmarkenmuseums unzulässig und strafbar.</p>



<p>Soweit die Inhalte auf dieser Seite nicht von dem Garderobenmarkenmuseum erstellt wurden, werden die Urheberrechte Dritter beachtet und als solche gekennzeichnet. Sollten Sie trotzdem auf eine Urheberrechtsverletzung aufmerksam werden, bitten wir um einen entsprechenden Hinweis. Bei Bekanntwerden von Rechtsverletzungen werden wir diese Inhalte umgehend entfernen.</p>

<p>Angaben gemäß § 5 TMGDas digitale Garderobenmarkenmuseumvertreten durch: Katharina KleinschmidtAlfred-Kästner-Straße 65, 04275 LeipzigTelefon: +49 (0) 341 228 74 01E-Mail: info@die-garderobenmarke.de Verantwortlich für den Inhalt nach § 55 Abs. 2 RStV:Katharina Kleinschmidt, ElstertextAlfred-Kästner-Straße 65, 04275 Leipzig https://elstertext.deE-Mail: info@die-garderobenmarke.de Haftung für InhalteGemäß § 7 Abs.1 TMG ist das Garderobenmarkenmuseum für eigene Inhalte auf diesen Seiten verantwortlich. Nach&#8230;</p>
