{"id":3335,"date":"2022-11-19T09:48:46","date_gmt":"2022-11-19T09:48:46","guid":{"rendered":"http:\/\/die-garderobenmarke.de\/?page_id=3335"},"modified":"2026-05-02T10:07:47","modified_gmt":"2026-05-02T08:07:47","slug":"cafe-moskau-2","status":"publish","type":"page","link":"https:\/\/die-garderobenmarke.de\/?page_id=3335","title":{"rendered":"Caf\u00e9 Moskau"},"content":{"rendered":"\n<div class=\"wp-block-columns is-layout-flex wp-container-core-columns-is-layout-9d6595d7 wp-block-columns-is-layout-flex\">\n<div class=\"wp-block-column is-layout-flow wp-block-column-is-layout-flow\">\n<figure class=\"wp-block-image size-large\"><a href=\"https:\/\/die-garderobenmarke.de\/wp-content\/uploads\/2026\/02\/Cafe_Moskau-scaled.jpg\"><img loading=\"lazy\" decoding=\"async\" width=\"1024\" height=\"819\" src=\"https:\/\/die-garderobenmarke.de\/wp-content\/uploads\/2026\/02\/Cafe_Moskau-1024x819.jpg\" alt=\"\" class=\"wp-image-4041\" srcset=\"https:\/\/die-garderobenmarke.de\/wp-content\/uploads\/2026\/02\/Cafe_Moskau-1024x819.jpg 1024w, https:\/\/die-garderobenmarke.de\/wp-content\/uploads\/2026\/02\/Cafe_Moskau-300x240.jpg 300w, https:\/\/die-garderobenmarke.de\/wp-content\/uploads\/2026\/02\/Cafe_Moskau-768x614.jpg 768w, https:\/\/die-garderobenmarke.de\/wp-content\/uploads\/2026\/02\/Cafe_Moskau-1536x1229.jpg 1536w, https:\/\/die-garderobenmarke.de\/wp-content\/uploads\/2026\/02\/Cafe_Moskau-2048x1639.jpg 2048w\" sizes=\"auto, (max-width: 1024px) 100vw, 1024px\" \/><\/a><\/figure>\n<\/div>\n\n\n\n<div class=\"wp-block-column is-layout-flow wp-block-column-is-layout-flow\">\n<figure class=\"wp-block-image size-large\"><a href=\"https:\/\/die-garderobenmarke.de\/wp-content\/uploads\/2026\/02\/Cafe_Moskau_R-scaled.jpg\"><img loading=\"lazy\" decoding=\"async\" width=\"1024\" height=\"819\" src=\"https:\/\/die-garderobenmarke.de\/wp-content\/uploads\/2026\/02\/Cafe_Moskau_R-1024x819.jpg\" alt=\"\" class=\"wp-image-4042\" srcset=\"https:\/\/die-garderobenmarke.de\/wp-content\/uploads\/2026\/02\/Cafe_Moskau_R-1024x819.jpg 1024w, https:\/\/die-garderobenmarke.de\/wp-content\/uploads\/2026\/02\/Cafe_Moskau_R-300x240.jpg 300w, https:\/\/die-garderobenmarke.de\/wp-content\/uploads\/2026\/02\/Cafe_Moskau_R-768x614.jpg 768w, https:\/\/die-garderobenmarke.de\/wp-content\/uploads\/2026\/02\/Cafe_Moskau_R-1536x1229.jpg 1536w, https:\/\/die-garderobenmarke.de\/wp-content\/uploads\/2026\/02\/Cafe_Moskau_R-2048x1639.jpg 2048w\" sizes=\"auto, (max-width: 1024px) 100vw, 1024px\" \/><\/a><\/figure>\n<\/div>\n<\/div>\n\n\n\n<p class=\"has-text-align-center\">Deutschland &#8211; Caf\u00e9 Moskau &#8211; Berlin, 1980 <\/p>\n\n\n\n<p class=\"has-text-align-center\">Aluminium, gepr\u00e4gt, gelocht &#8211; 45 x 65 mm &#8211; 6 g<\/p>\n\n\n\n<div class=\"wp-block-columns is-layout-flex wp-container-core-columns-is-layout-9d6595d7 wp-block-columns-is-layout-flex\">\n<div class=\"wp-block-column is-layout-flow wp-block-column-is-layout-flow\">\n<figure class=\"wp-block-image size-full\"><img loading=\"lazy\" decoding=\"async\" width=\"780\" height=\"571\" src=\"https:\/\/die-garderobenmarke.de\/wp-content\/uploads\/2026\/05\/Bundesarchiv_Bild_183-C0422-0005-002_Berlin_Karl-Marx-Allee_Restaurant_Moskau.jpg\" alt=\"\" class=\"wp-image-4506\" srcset=\"https:\/\/die-garderobenmarke.de\/wp-content\/uploads\/2026\/05\/Bundesarchiv_Bild_183-C0422-0005-002_Berlin_Karl-Marx-Allee_Restaurant_Moskau.jpg 780w, https:\/\/die-garderobenmarke.de\/wp-content\/uploads\/2026\/05\/Bundesarchiv_Bild_183-C0422-0005-002_Berlin_Karl-Marx-Allee_Restaurant_Moskau-300x220.jpg 300w, https:\/\/die-garderobenmarke.de\/wp-content\/uploads\/2026\/05\/Bundesarchiv_Bild_183-C0422-0005-002_Berlin_Karl-Marx-Allee_Restaurant_Moskau-768x562.jpg 768w\" sizes=\"auto, (max-width: 780px) 100vw, 780px\" \/><figcaption class=\"wp-element-caption\">Zentralbild Br\u00fcggmann 22.4.1964 Sonderdienst Deutschlandtreffen Berlin, Gastgeberstadt f\u00fcr die Jugend Blick vom &#8222;Haus Berlin&#8220; auf das Restaurant Moskau und die 10geschossigen Wohnh\u00e4user in Gro\u00dfplattenbauweise in seiner Umgebung. Foto: Bundesarchiv<\/figcaption><\/figure>\n<\/div>\n\n\n\n<div class=\"wp-block-column is-layout-flow wp-block-column-is-layout-flow\">\n<figure class=\"wp-block-image size-full\"><img loading=\"lazy\" decoding=\"async\" width=\"606\" height=\"800\" src=\"https:\/\/die-garderobenmarke.de\/wp-content\/uploads\/2026\/05\/Bundesarchiv_Bild_183-F0426-0203-006_Berlin_Karl-Marx-Allee_Restaurant_Moskau.jpg\" alt=\"\" class=\"wp-image-4507\" srcset=\"https:\/\/die-garderobenmarke.de\/wp-content\/uploads\/2026\/05\/Bundesarchiv_Bild_183-F0426-0203-006_Berlin_Karl-Marx-Allee_Restaurant_Moskau.jpg 606w, https:\/\/die-garderobenmarke.de\/wp-content\/uploads\/2026\/05\/Bundesarchiv_Bild_183-F0426-0203-006_Berlin_Karl-Marx-Allee_Restaurant_Moskau-227x300.jpg 227w\" sizes=\"auto, (max-width: 606px) 100vw, 606px\" \/><figcaption class=\"wp-element-caption\">Zentralbild Straube 27.4.1967 Berlin: Karl-Marx-Allee, Restaurant &#8222;Moskau&#8220;. Foto: Bundesarchiv<\/figcaption><\/figure>\n<\/div>\n<\/div>\n\n\n\n<div class=\"wp-block-columns is-layout-flex wp-container-core-columns-is-layout-9d6595d7 wp-block-columns-is-layout-flex\">\n<div class=\"wp-block-column is-layout-flow wp-block-column-is-layout-flow\">\n<figure class=\"wp-block-image size-large\"><img loading=\"lazy\" decoding=\"async\" width=\"1024\" height=\"819\" src=\"https:\/\/die-garderobenmarke.de\/wp-content\/uploads\/2026\/02\/MTW_Wismar-1024x819.jpg\" alt=\"\" class=\"wp-image-4109\" srcset=\"https:\/\/die-garderobenmarke.de\/wp-content\/uploads\/2026\/02\/MTW_Wismar-1024x819.jpg 1024w, https:\/\/die-garderobenmarke.de\/wp-content\/uploads\/2026\/02\/MTW_Wismar-300x240.jpg 300w, https:\/\/die-garderobenmarke.de\/wp-content\/uploads\/2026\/02\/MTW_Wismar-768x614.jpg 768w, https:\/\/die-garderobenmarke.de\/wp-content\/uploads\/2026\/02\/MTW_Wismar-1536x1229.jpg 1536w, https:\/\/die-garderobenmarke.de\/wp-content\/uploads\/2026\/02\/MTW_Wismar-2048x1639.jpg 2048w, https:\/\/die-garderobenmarke.de\/wp-content\/uploads\/2026\/02\/MTW_Wismar-1300x1040.jpg 1300w\" sizes=\"auto, (max-width: 1024px) 100vw, 1024px\" \/><\/figure>\n<\/div>\n\n\n\n<div class=\"wp-block-column is-layout-flow wp-block-column-is-layout-flow\">\n<figure class=\"wp-block-image size-large\"><img loading=\"lazy\" decoding=\"async\" width=\"1024\" height=\"819\" src=\"https:\/\/die-garderobenmarke.de\/wp-content\/uploads\/2026\/02\/HKB_Brandenburg-1024x819.jpg\" alt=\"\" class=\"wp-image-4079\" srcset=\"https:\/\/die-garderobenmarke.de\/wp-content\/uploads\/2026\/02\/HKB_Brandenburg-1024x819.jpg 1024w, https:\/\/die-garderobenmarke.de\/wp-content\/uploads\/2026\/02\/HKB_Brandenburg-300x240.jpg 300w, https:\/\/die-garderobenmarke.de\/wp-content\/uploads\/2026\/02\/HKB_Brandenburg-768x614.jpg 768w, https:\/\/die-garderobenmarke.de\/wp-content\/uploads\/2026\/02\/HKB_Brandenburg-1536x1229.jpg 1536w, https:\/\/die-garderobenmarke.de\/wp-content\/uploads\/2026\/02\/HKB_Brandenburg-2048x1639.jpg 2048w, https:\/\/die-garderobenmarke.de\/wp-content\/uploads\/2026\/02\/HKB_Brandenburg-1300x1040.jpg 1300w\" sizes=\"auto, (max-width: 1024px) 100vw, 1024px\" \/><\/figure>\n<\/div>\n\n\n\n<div class=\"wp-block-column is-layout-flow wp-block-column-is-layout-flow\">\n<figure class=\"wp-block-image size-large\"><img loading=\"lazy\" decoding=\"async\" width=\"1024\" height=\"819\" src=\"https:\/\/die-garderobenmarke.de\/wp-content\/uploads\/2026\/05\/SKH_Rostock-1024x819.jpg\" alt=\"\" class=\"wp-image-4347\" srcset=\"https:\/\/die-garderobenmarke.de\/wp-content\/uploads\/2026\/05\/SKH_Rostock-1024x819.jpg 1024w, https:\/\/die-garderobenmarke.de\/wp-content\/uploads\/2026\/05\/SKH_Rostock-300x240.jpg 300w, https:\/\/die-garderobenmarke.de\/wp-content\/uploads\/2026\/05\/SKH_Rostock-768x614.jpg 768w, https:\/\/die-garderobenmarke.de\/wp-content\/uploads\/2026\/05\/SKH_Rostock-1536x1229.jpg 1536w, https:\/\/die-garderobenmarke.de\/wp-content\/uploads\/2026\/05\/SKH_Rostock-2048x1639.jpg 2048w\" sizes=\"auto, (max-width: 1024px) 100vw, 1024px\" \/><\/figure>\n<\/div>\n<\/div>\n","protected":false},"excerpt":{"rendered":"<p>Deutschland &#8211; Caf\u00e9 Moskau &#8211; Berlin, 1980 Aluminium, gepr\u00e4gt, gelocht &#8211; 45 x 65 mm &#8211; 6 g<\/p>\n","protected":false},"author":1,"featured_media":0,"parent":0,"menu_order":0,"comment_status":"closed","ping_status":"closed","template":"","meta":{"_kad_post_transparent":"","_kad_post_title":"","_kad_post_layout":"","_kad_post_sidebar_id":"","_kad_post_content_style":"","_kad_post_vertical_padding":"","_kad_post_feature":"","_kad_post_feature_position":"","_kad_post_header":false,"_kad_post_footer":false,"_kad_post_classname":"","footnotes":""},"class_list":["post-3335","page","type-page","status-publish","hentry"],"_links":{"self":[{"href":"https:\/\/die-garderobenmarke.de\/index.php?rest_route=\/wp\/v2\/pages\/3335","targetHints":{"allow":["GET"]}}],"collection":[{"href":"https:\/\/die-garderobenmarke.de\/index.php?rest_route=\/wp\/v2\/pages"}],"about":[{"href":"https:\/\/die-garderobenmarke.de\/index.php?rest_route=\/wp\/v2\/types\/page"}],"author":[{"embeddable":true,"href":"https:\/\/die-garderobenmarke.de\/index.php?rest_route=\/wp\/v2\/users\/1"}],"replies":[{"embeddable":true,"href":"https:\/\/die-garderobenmarke.de\/index.php?rest_route=%2Fwp%2Fv2%2Fcomments&post=3335"}],"version-history":[{"count":2,"href":"https:\/\/die-garderobenmarke.de\/index.php?rest_route=\/wp\/v2\/pages\/3335\/revisions"}],"predecessor-version":[{"id":4511,"href":"https:\/\/die-garderobenmarke.de\/index.php?rest_route=\/wp\/v2\/pages\/3335\/revisions\/4511"}],"wp:attachment":[{"href":"https:\/\/die-garderobenmarke.de\/index.php?rest_route=%2Fwp%2Fv2%2Fmedia&parent=3335"}],"curies":[{"name":"wp","href":"https:\/\/api.w.org\/{rel}","templated":true}]}}

Café Moskau

<div class="wp-block-columns is-layout-flex wp-container-core-columns-is-layout-9d6595d7 wp-block-columns-is-layout-flex">
<div class="wp-block-column is-layout-flow wp-block-column-is-layout-flow">
<figure class="wp-block-image size-large"><a href="https://die-garderobenmarke.de/wp-content/uploads/2026/02/Cafe_Moskau-scaled.jpg"><img loading="lazy" decoding="async" width="1024" height="819" src="https://die-garderobenmarke.de/wp-content/uploads/2026/02/Cafe_Moskau-1024x819.jpg" alt="" class="wp-image-4041" srcset="https://die-garderobenmarke.de/wp-content/uploads/2026/02/Cafe_Moskau-1024x819.jpg 1024w, https://die-garderobenmarke.de/wp-content/uploads/2026/02/Cafe_Moskau-300x240.jpg 300w, https://die-garderobenmarke.de/wp-content/uploads/2026/02/Cafe_Moskau-768x614.jpg 768w, https://die-garderobenmarke.de/wp-content/uploads/2026/02/Cafe_Moskau-1536x1229.jpg 1536w, https://die-garderobenmarke.de/wp-content/uploads/2026/02/Cafe_Moskau-2048x1639.jpg 2048w" sizes="auto, (max-width: 1024px) 100vw, 1024px" /></a></figure>
</div>



<div class="wp-block-column is-layout-flow wp-block-column-is-layout-flow">
<figure class="wp-block-image size-large"><a href="https://die-garderobenmarke.de/wp-content/uploads/2026/02/Cafe_Moskau_R-scaled.jpg"><img loading="lazy" decoding="async" width="1024" height="819" src="https://die-garderobenmarke.de/wp-content/uploads/2026/02/Cafe_Moskau_R-1024x819.jpg" alt="" class="wp-image-4042" srcset="https://die-garderobenmarke.de/wp-content/uploads/2026/02/Cafe_Moskau_R-1024x819.jpg 1024w, https://die-garderobenmarke.de/wp-content/uploads/2026/02/Cafe_Moskau_R-300x240.jpg 300w, https://die-garderobenmarke.de/wp-content/uploads/2026/02/Cafe_Moskau_R-768x614.jpg 768w, https://die-garderobenmarke.de/wp-content/uploads/2026/02/Cafe_Moskau_R-1536x1229.jpg 1536w, https://die-garderobenmarke.de/wp-content/uploads/2026/02/Cafe_Moskau_R-2048x1639.jpg 2048w" sizes="auto, (max-width: 1024px) 100vw, 1024px" /></a></figure>
</div>
</div>



<p class="has-text-align-center">Deutschland &#8211; Café Moskau &#8211; Berlin, 1980 </p>



<p class="has-text-align-center">Aluminium, geprägt, gelocht &#8211; 45 x 65 mm &#8211; 6 g</p>



<div class="wp-block-columns is-layout-flex wp-container-core-columns-is-layout-9d6595d7 wp-block-columns-is-layout-flex">
<div class="wp-block-column is-layout-flow wp-block-column-is-layout-flow">
<figure class="wp-block-image size-full"><img loading="lazy" decoding="async" width="780" height="571" src="https://die-garderobenmarke.de/wp-content/uploads/2026/05/Bundesarchiv_Bild_183-C0422-0005-002_Berlin_Karl-Marx-Allee_Restaurant_Moskau.jpg" alt="" class="wp-image-4506" srcset="https://die-garderobenmarke.de/wp-content/uploads/2026/05/Bundesarchiv_Bild_183-C0422-0005-002_Berlin_Karl-Marx-Allee_Restaurant_Moskau.jpg 780w, https://die-garderobenmarke.de/wp-content/uploads/2026/05/Bundesarchiv_Bild_183-C0422-0005-002_Berlin_Karl-Marx-Allee_Restaurant_Moskau-300x220.jpg 300w, https://die-garderobenmarke.de/wp-content/uploads/2026/05/Bundesarchiv_Bild_183-C0422-0005-002_Berlin_Karl-Marx-Allee_Restaurant_Moskau-768x562.jpg 768w" sizes="auto, (max-width: 780px) 100vw, 780px" /><figcaption class="wp-element-caption">Zentralbild Brüggmann 22.4.1964 Sonderdienst Deutschlandtreffen Berlin, Gastgeberstadt für die Jugend Blick vom &#8222;Haus Berlin&#8220; auf das Restaurant Moskau und die 10geschossigen Wohnhäuser in Großplattenbauweise in seiner Umgebung. Foto: Bundesarchiv</figcaption></figure>
</div>



<div class="wp-block-column is-layout-flow wp-block-column-is-layout-flow">
<figure class="wp-block-image size-full"><img loading="lazy" decoding="async" width="606" height="800" src="https://die-garderobenmarke.de/wp-content/uploads/2026/05/Bundesarchiv_Bild_183-F0426-0203-006_Berlin_Karl-Marx-Allee_Restaurant_Moskau.jpg" alt="" class="wp-image-4507" srcset="https://die-garderobenmarke.de/wp-content/uploads/2026/05/Bundesarchiv_Bild_183-F0426-0203-006_Berlin_Karl-Marx-Allee_Restaurant_Moskau.jpg 606w, https://die-garderobenmarke.de/wp-content/uploads/2026/05/Bundesarchiv_Bild_183-F0426-0203-006_Berlin_Karl-Marx-Allee_Restaurant_Moskau-227x300.jpg 227w" sizes="auto, (max-width: 606px) 100vw, 606px" /><figcaption class="wp-element-caption">Zentralbild Straube 27.4.1967 Berlin: Karl-Marx-Allee, Restaurant &#8222;Moskau&#8220;. Foto: Bundesarchiv</figcaption></figure>
</div>
</div>



<div class="wp-block-columns is-layout-flex wp-container-core-columns-is-layout-9d6595d7 wp-block-columns-is-layout-flex">
<div class="wp-block-column is-layout-flow wp-block-column-is-layout-flow">
<figure class="wp-block-image size-large"><img loading="lazy" decoding="async" width="1024" height="819" src="https://die-garderobenmarke.de/wp-content/uploads/2026/02/MTW_Wismar-1024x819.jpg" alt="" class="wp-image-4109" srcset="https://die-garderobenmarke.de/wp-content/uploads/2026/02/MTW_Wismar-1024x819.jpg 1024w, https://die-garderobenmarke.de/wp-content/uploads/2026/02/MTW_Wismar-300x240.jpg 300w, https://die-garderobenmarke.de/wp-content/uploads/2026/02/MTW_Wismar-768x614.jpg 768w, https://die-garderobenmarke.de/wp-content/uploads/2026/02/MTW_Wismar-1536x1229.jpg 1536w, https://die-garderobenmarke.de/wp-content/uploads/2026/02/MTW_Wismar-2048x1639.jpg 2048w, https://die-garderobenmarke.de/wp-content/uploads/2026/02/MTW_Wismar-1300x1040.jpg 1300w" sizes="auto, (max-width: 1024px) 100vw, 1024px" /></figure>
</div>



<div class="wp-block-column is-layout-flow wp-block-column-is-layout-flow">
<figure class="wp-block-image size-large"><img loading="lazy" decoding="async" width="1024" height="819" src="https://die-garderobenmarke.de/wp-content/uploads/2026/02/HKB_Brandenburg-1024x819.jpg" alt="" class="wp-image-4079" srcset="https://die-garderobenmarke.de/wp-content/uploads/2026/02/HKB_Brandenburg-1024x819.jpg 1024w, https://die-garderobenmarke.de/wp-content/uploads/2026/02/HKB_Brandenburg-300x240.jpg 300w, https://die-garderobenmarke.de/wp-content/uploads/2026/02/HKB_Brandenburg-768x614.jpg 768w, https://die-garderobenmarke.de/wp-content/uploads/2026/02/HKB_Brandenburg-1536x1229.jpg 1536w, https://die-garderobenmarke.de/wp-content/uploads/2026/02/HKB_Brandenburg-2048x1639.jpg 2048w, https://die-garderobenmarke.de/wp-content/uploads/2026/02/HKB_Brandenburg-1300x1040.jpg 1300w" sizes="auto, (max-width: 1024px) 100vw, 1024px" /></figure>
</div>



<div class="wp-block-column is-layout-flow wp-block-column-is-layout-flow">
<figure class="wp-block-image size-large"><img loading="lazy" decoding="async" width="1024" height="819" src="https://die-garderobenmarke.de/wp-content/uploads/2026/05/SKH_Rostock-1024x819.jpg" alt="" class="wp-image-4347" srcset="https://die-garderobenmarke.de/wp-content/uploads/2026/05/SKH_Rostock-1024x819.jpg 1024w, https://die-garderobenmarke.de/wp-content/uploads/2026/05/SKH_Rostock-300x240.jpg 300w, https://die-garderobenmarke.de/wp-content/uploads/2026/05/SKH_Rostock-768x614.jpg 768w, https://die-garderobenmarke.de/wp-content/uploads/2026/05/SKH_Rostock-1536x1229.jpg 1536w, https://die-garderobenmarke.de/wp-content/uploads/2026/05/SKH_Rostock-2048x1639.jpg 2048w" sizes="auto, (max-width: 1024px) 100vw, 1024px" /></figure>
</div>
</div>

<p>Deutschland &#8211; Café Moskau &#8211; Berlin, 1980 Aluminium, geprägt, gelocht &#8211; 45 x 65 mm &#8211; 6 g</p>
