{"id":3193,"date":"2022-11-16T17:34:55","date_gmt":"2022-11-16T17:34:55","guid":{"rendered":"http:\/\/die-garderobenmarke.de\/?page_id=3193"},"modified":"2026-05-01T20:32:04","modified_gmt":"2026-05-01T18:32:04","slug":"friedrichstadtpalast-3","status":"publish","type":"page","link":"https:\/\/die-garderobenmarke.de\/?page_id=3193","title":{"rendered":"Friedrichstadtpalast"},"content":{"rendered":"\n<div class=\"wp-block-columns is-layout-flex wp-container-core-columns-is-layout-9d6595d7 wp-block-columns-is-layout-flex\">\n<div class=\"wp-block-column is-layout-flow wp-block-column-is-layout-flow\">\n<figure class=\"wp-block-image size-full\"><a href=\"https:\/\/die-garderobenmarke.de\/wp-content\/uploads\/2026\/02\/Friedrichstadtpalast_Berlin-scaled.jpg\"><img loading=\"lazy\" decoding=\"async\" width=\"2560\" height=\"2048\" src=\"https:\/\/die-garderobenmarke.de\/wp-content\/uploads\/2026\/02\/Friedrichstadtpalast_Berlin-scaled.jpg\" alt=\"\" class=\"wp-image-4069\" srcset=\"https:\/\/die-garderobenmarke.de\/wp-content\/uploads\/2026\/02\/Friedrichstadtpalast_Berlin-scaled.jpg 2560w, https:\/\/die-garderobenmarke.de\/wp-content\/uploads\/2026\/02\/Friedrichstadtpalast_Berlin-300x240.jpg 300w, https:\/\/die-garderobenmarke.de\/wp-content\/uploads\/2026\/02\/Friedrichstadtpalast_Berlin-1024x819.jpg 1024w, https:\/\/die-garderobenmarke.de\/wp-content\/uploads\/2026\/02\/Friedrichstadtpalast_Berlin-768x614.jpg 768w, https:\/\/die-garderobenmarke.de\/wp-content\/uploads\/2026\/02\/Friedrichstadtpalast_Berlin-1536x1229.jpg 1536w, https:\/\/die-garderobenmarke.de\/wp-content\/uploads\/2026\/02\/Friedrichstadtpalast_Berlin-2048x1639.jpg 2048w, https:\/\/die-garderobenmarke.de\/wp-content\/uploads\/2026\/02\/Friedrichstadtpalast_Berlin-1300x1040.jpg 1300w\" sizes=\"auto, (max-width: 2560px) 100vw, 2560px\" \/><\/a><\/figure>\n<\/div>\n\n\n\n<div class=\"wp-block-column is-layout-flow wp-block-column-is-layout-flow\">\n<figure class=\"wp-block-image size-full\"><a href=\"https:\/\/die-garderobenmarke.de\/wp-content\/uploads\/2026\/02\/Friedrichstadtpalast_Berlin_R-scaled.jpg\"><img loading=\"lazy\" decoding=\"async\" width=\"2560\" height=\"2048\" src=\"https:\/\/die-garderobenmarke.de\/wp-content\/uploads\/2026\/02\/Friedrichstadtpalast_Berlin_R-scaled.jpg\" alt=\"\" class=\"wp-image-4070\" srcset=\"https:\/\/die-garderobenmarke.de\/wp-content\/uploads\/2026\/02\/Friedrichstadtpalast_Berlin_R-scaled.jpg 2560w, https:\/\/die-garderobenmarke.de\/wp-content\/uploads\/2026\/02\/Friedrichstadtpalast_Berlin_R-300x240.jpg 300w, https:\/\/die-garderobenmarke.de\/wp-content\/uploads\/2026\/02\/Friedrichstadtpalast_Berlin_R-1024x819.jpg 1024w, https:\/\/die-garderobenmarke.de\/wp-content\/uploads\/2026\/02\/Friedrichstadtpalast_Berlin_R-768x614.jpg 768w, https:\/\/die-garderobenmarke.de\/wp-content\/uploads\/2026\/02\/Friedrichstadtpalast_Berlin_R-1536x1229.jpg 1536w, https:\/\/die-garderobenmarke.de\/wp-content\/uploads\/2026\/02\/Friedrichstadtpalast_Berlin_R-2048x1639.jpg 2048w, https:\/\/die-garderobenmarke.de\/wp-content\/uploads\/2026\/02\/Friedrichstadtpalast_Berlin_R-1300x1040.jpg 1300w\" sizes=\"auto, (max-width: 2560px) 100vw, 2560px\" \/><\/a><\/figure>\n<\/div>\n<\/div>\n\n\n\n<p class=\"has-text-align-center\">Deutschland &#8211; Friedrichstadtpalast &#8211; Theater &#8211; Berlin, ca. 1950 <\/p>\n\n\n\n<p class=\"has-text-align-center\">Messing, gepr\u00e4gt, gelocht &#8211; 40 x 60 mm &#8211; 17 g<\/p>\n\n\n\n<div class=\"wp-block-columns is-layout-flex wp-container-core-columns-is-layout-9d6595d7 wp-block-columns-is-layout-flex\">\n<div class=\"wp-block-column is-layout-flow wp-block-column-is-layout-flow\">\n<figure class=\"wp-block-image size-large\"><img loading=\"lazy\" decoding=\"async\" width=\"1024\" height=\"670\" src=\"https:\/\/die-garderobenmarke.de\/wp-content\/uploads\/2026\/05\/1280px-BE_und_Alter_Friedrichstadtpalast_1964-1024x670.jpg\" alt=\"\" class=\"wp-image-4451\" srcset=\"https:\/\/die-garderobenmarke.de\/wp-content\/uploads\/2026\/05\/1280px-BE_und_Alter_Friedrichstadtpalast_1964-1024x670.jpg 1024w, https:\/\/die-garderobenmarke.de\/wp-content\/uploads\/2026\/05\/1280px-BE_und_Alter_Friedrichstadtpalast_1964-300x196.jpg 300w, https:\/\/die-garderobenmarke.de\/wp-content\/uploads\/2026\/05\/1280px-BE_und_Alter_Friedrichstadtpalast_1964-768x502.jpg 768w, https:\/\/die-garderobenmarke.de\/wp-content\/uploads\/2026\/05\/1280px-BE_und_Alter_Friedrichstadtpalast_1964.jpg 1280w\" sizes=\"auto, (max-width: 1024px) 100vw, 1024px\" \/><\/figure>\n<\/div>\n\n\n\n<div class=\"wp-block-column is-layout-flow wp-block-column-is-layout-flow\">\n<figure class=\"wp-block-image size-full is-resized\"><img loading=\"lazy\" decoding=\"async\" width=\"1024\" height=\"725\" src=\"https:\/\/die-garderobenmarke.de\/wp-content\/uploads\/2026\/05\/1024px-F_1589-e1777660131259.jpg\" alt=\"\" class=\"wp-image-4452\" style=\"aspect-ratio:1.4124062115868747;width:376px;height:auto\" srcset=\"https:\/\/die-garderobenmarke.de\/wp-content\/uploads\/2026\/05\/1024px-F_1589-e1777660131259.jpg 1024w, https:\/\/die-garderobenmarke.de\/wp-content\/uploads\/2026\/05\/1024px-F_1589-e1777660131259-300x212.jpg 300w, https:\/\/die-garderobenmarke.de\/wp-content\/uploads\/2026\/05\/1024px-F_1589-e1777660131259-768x544.jpg 768w\" sizes=\"auto, (max-width: 1024px) 100vw, 1024px\" \/><\/figure>\n<\/div>\n<\/div>\n\n\n\n<div class=\"wp-block-columns is-layout-flex wp-container-core-columns-is-layout-9d6595d7 wp-block-columns-is-layout-flex\">\n<div class=\"wp-block-column is-layout-flow wp-block-column-is-layout-flow\">\n<figure class=\"wp-block-image size-full\"><img loading=\"lazy\" decoding=\"async\" width=\"800\" height=\"601\" src=\"https:\/\/die-garderobenmarke.de\/wp-content\/uploads\/2026\/05\/Bundesarchiv_Bild_183-L1109-0305_Berlin_Friedrichstadtpalast.jpg\" alt=\"\" class=\"wp-image-4453\" srcset=\"https:\/\/die-garderobenmarke.de\/wp-content\/uploads\/2026\/05\/Bundesarchiv_Bild_183-L1109-0305_Berlin_Friedrichstadtpalast.jpg 800w, https:\/\/die-garderobenmarke.de\/wp-content\/uploads\/2026\/05\/Bundesarchiv_Bild_183-L1109-0305_Berlin_Friedrichstadtpalast-300x225.jpg 300w, https:\/\/die-garderobenmarke.de\/wp-content\/uploads\/2026\/05\/Bundesarchiv_Bild_183-L1109-0305_Berlin_Friedrichstadtpalast-768x577.jpg 768w\" sizes=\"auto, (max-width: 800px) 100vw, 800px\" \/><figcaption class=\"wp-element-caption\">Foto: Kaufhold Copyright: ADN-Zentralbild<\/figcaption><\/figure>\n<\/div>\n\n\n\n<div class=\"wp-block-column is-layout-flow wp-block-column-is-layout-flow\">\n<figure class=\"wp-block-image size-large\"><img loading=\"lazy\" decoding=\"async\" width=\"1024\" height=\"724\" src=\"https:\/\/die-garderobenmarke.de\/wp-content\/uploads\/2026\/05\/Friedrichstadtpalast-1024x724.jpg\" alt=\"\" class=\"wp-image-4454\" srcset=\"https:\/\/die-garderobenmarke.de\/wp-content\/uploads\/2026\/05\/Friedrichstadtpalast-1024x724.jpg 1024w, https:\/\/die-garderobenmarke.de\/wp-content\/uploads\/2026\/05\/Friedrichstadtpalast-300x212.jpg 300w, https:\/\/die-garderobenmarke.de\/wp-content\/uploads\/2026\/05\/Friedrichstadtpalast-768x543.jpg 768w, https:\/\/die-garderobenmarke.de\/wp-content\/uploads\/2026\/05\/Friedrichstadtpalast.jpg 1280w\" sizes=\"auto, (max-width: 1024px) 100vw, 1024px\" \/><\/figure>\n<\/div>\n<\/div>\n\n\n\n<p>Unmittelbar am Ufer der Spree gelegen pr\u00e4sentiert sich das gr\u00f6\u00dfte Variet\u00e9-Theater der Deutschen Demoktratischen Republik, der Friedrichstadt-Palast (unser Foto). Die Vergangenheit dieses Geb\u00e4udes ist so kunterbunt wie das monatliche Programm des Hauses. Im Jahre 1869 wurde es als Markthalle errichtet, die dann sp\u00e4ter einem Zirkus als Etablissement diente. Das 1919 von Poelzig daraus erbaute Gro\u00dfe Theater wurde im zweiten Weltkrieg schwer zerst\u00f6rt. In vereinfachter Form wiederaufgebaut, dient es etwa 25 Jahre als Variet\u00e9, in dem etwa 3000 Besucher Platz finden. <\/p>\n\n\n\n<p><\/p>\n","protected":false},"excerpt":{"rendered":"<p>Deutschland &#8211; Friedrichstadtpalast &#8211; Theater &#8211; Berlin, ca. 1950 Messing, gepr\u00e4gt, gelocht &#8211; 40 x 60 mm &#8211; 17 g Unmittelbar am Ufer der Spree gelegen pr\u00e4sentiert sich das gr\u00f6\u00dfte Variet\u00e9-Theater der Deutschen Demoktratischen Republik, der Friedrichstadt-Palast (unser Foto). Die Vergangenheit dieses Geb\u00e4udes ist so kunterbunt wie das monatliche Programm des Hauses. Im Jahre 1869&#8230;<\/p>\n","protected":false},"author":1,"featured_media":0,"parent":0,"menu_order":0,"comment_status":"closed","ping_status":"closed","template":"","meta":{"_kad_post_transparent":"","_kad_post_title":"","_kad_post_layout":"","_kad_post_sidebar_id":"","_kad_post_content_style":"","_kad_post_vertical_padding":"","_kad_post_feature":"","_kad_post_feature_position":"","_kad_post_header":false,"_kad_post_footer":false,"_kad_post_classname":"","footnotes":""},"class_list":["post-3193","page","type-page","status-publish","hentry"],"_links":{"self":[{"href":"https:\/\/die-garderobenmarke.de\/index.php?rest_route=\/wp\/v2\/pages\/3193","targetHints":{"allow":["GET"]}}],"collection":[{"href":"https:\/\/die-garderobenmarke.de\/index.php?rest_route=\/wp\/v2\/pages"}],"about":[{"href":"https:\/\/die-garderobenmarke.de\/index.php?rest_route=\/wp\/v2\/types\/page"}],"author":[{"embeddable":true,"href":"https:\/\/die-garderobenmarke.de\/index.php?rest_route=\/wp\/v2\/users\/1"}],"replies":[{"embeddable":true,"href":"https:\/\/die-garderobenmarke.de\/index.php?rest_route=%2Fwp%2Fv2%2Fcomments&post=3193"}],"version-history":[{"count":3,"href":"https:\/\/die-garderobenmarke.de\/index.php?rest_route=\/wp\/v2\/pages\/3193\/revisions"}],"predecessor-version":[{"id":4456,"href":"https:\/\/die-garderobenmarke.de\/index.php?rest_route=\/wp\/v2\/pages\/3193\/revisions\/4456"}],"wp:attachment":[{"href":"https:\/\/die-garderobenmarke.de\/index.php?rest_route=%2Fwp%2Fv2%2Fmedia&parent=3193"}],"curies":[{"name":"wp","href":"https:\/\/api.w.org\/{rel}","templated":true}]}}